{"id":78,"date":"2014-02-23T16:00:02","date_gmt":"2014-02-23T15:00:02","guid":{"rendered":"http:\/\/85.92.147.231\/~mallemolen\/wordpress\/?page_id=78"},"modified":"2023-02-18T16:26:16","modified_gmt":"2023-02-18T15:26:16","slug":"louer","status":"publish","type":"page","link":"http:\/\/www.mallemolen.eu\/?page_id=78","title":{"rendered":"Louer"},"content":{"rendered":"<p><font size=\"2\"><br \/>\n<strong>Quand est-il possible de louer cette maison?<\/strong><br \/>\nVous \u00eates les bienvenues toute l\u2019ann\u00e9e ! En haute saison du samedi au samedi. En basse saison, vous \u00eates libre de faire des r\u00e9servations pour la p\u00e9riode qui est appropri\u00e9 pour vous.<br \/>\n<strong><\/strong><\/p>\n<p><strong>L\u2019arriv\u00e9e et de d\u00e9part:<\/strong><br \/>\nOn vient \u00e0 15.00 heures et on d\u00e9part \u00e0 10.00 heures.<br \/>\n<strong><\/strong><\/p>\n<p><strong>Les prix de location (2023):<\/strong><\/p>\n<ul>\n<li>Prix 5 personnes \u00e0 partir de \u20ac 595,00 &#8211; \u20ac 995,00<\/li>\n<\/ul>\n<p>Des prix comprennent le gaz, l\u2019\u00e9lectricit\u00e9 et l\u2019eau et n\u2019incluent pas les taxes touristiques et le nettoyage.<br \/>\n<strong>Des co\u00fbts suppl\u00e9mentaires:<\/strong><br \/>\nLe nettoyage obligatoire.<br \/>\nl\u2019imp\u00f4t est \u20ac 2,00 par personne par nuit.<\/p>\n<p><strong>Animaux domestique:<\/strong><br \/>\nM\u00eame si nous aimons des animaux, ne sont pas admis des animaux domestiques dans la propri\u00e9t\u00e9. Aussi il ne faut pas fumer dans la maison.<\/p>\n<p><\/font><\/p>\n","protected":false},"excerpt":{"rendered":"<p>Quand est-il possible de louer cette maison? Vous \u00eates les bienvenues toute l\u2019ann\u00e9e ! En haute saison du samedi au samedi. En basse saison, vous \u00eates libre de faire des <a href=\"http:\/\/www.mallemolen.eu\/?page_id=78\">(&#8230;Read More)<\/a><\/p>\n","protected":false},"author":1,"featured_media":0,"parent":68,"menu_order":0,"comment_status":"closed","ping_status":"closed","template":"","meta":{"Layout":""},"_links":{"self":[{"href":"http:\/\/www.mallemolen.eu\/index.php?rest_route=\/wp\/v2\/pages\/78"}],"collection":[{"href":"http:\/\/www.mallemolen.eu\/index.php?rest_route=\/wp\/v2\/pages"}],"about":[{"href":"http:\/\/www.mallemolen.eu\/index.php?rest_route=\/wp\/v2\/types\/page"}],"author":[{"embeddable":true,"href":"http:\/\/www.mallemolen.eu\/index.php?rest_route=\/wp\/v2\/users\/1"}],"replies":[{"embeddable":true,"href":"http:\/\/www.mallemolen.eu\/index.php?rest_route=%2Fwp%2Fv2%2Fcomments&post=78"}],"version-history":[{"count":8,"href":"http:\/\/www.mallemolen.eu\/index.php?rest_route=\/wp\/v2\/pages\/78\/revisions"}],"predecessor-version":[{"id":343,"href":"http:\/\/www.mallemolen.eu\/index.php?rest_route=\/wp\/v2\/pages\/78\/revisions\/343"}],"up":[{"embeddable":true,"href":"http:\/\/www.mallemolen.eu\/index.php?rest_route=\/wp\/v2\/pages\/68"}],"wp:attachment":[{"href":"http:\/\/www.mallemolen.eu\/index.php?rest_route=%2Fwp%2Fv2%2Fmedia&parent=78"}],"curies":[{"name":"wp","href":"https:\/\/api.w.org\/{rel}","templated":true}]}}